{"id":1347,"date":"2024-11-20T08:36:47","date_gmt":"2024-11-20T07:36:47","guid":{"rendered":"http:\/\/study-web.fr\/dn3-louka\/?page_id=1347"},"modified":"2026-02-27T09:17:50","modified_gmt":"2026-02-27T08:17:50","slug":"a-propos-de-moi-2","status":"publish","type":"page","link":"https:\/\/louka-png.com\/?page_id=1347","title":{"rendered":"\u00c0 propos de moi"},"content":{"rendered":"\t\t<div data-elementor-type=\"wp-page\" data-elementor-id=\"1347\" class=\"elementor elementor-1347\">\n\t\t\t\t<div class=\"elementor-element elementor-element-d3db299 animated-fast e-flex e-con-boxed wpr-particle-no wpr-jarallax-no wpr-parallax-no wpr-sticky-section-no elementor-invisible e-con e-parent\" data-id=\"d3db299\" data-element_type=\"container\" data-settings=\"{&quot;animation&quot;:&quot;fadeInUp&quot;}\">\n\t\t\t\t\t<div class=\"e-con-inner\">\n\t\t<div class=\"elementor-element elementor-element-8dd2223 e-con-full e-flex wpr-particle-no wpr-jarallax-no wpr-parallax-no wpr-sticky-section-no e-con e-child\" data-id=\"8dd2223\" data-element_type=\"container\" data-settings=\"{&quot;background_background&quot;:&quot;classic&quot;}\">\n\t\t<div class=\"elementor-element elementor-element-268ccc5 e-con-full e-flex wpr-particle-no wpr-jarallax-no wpr-parallax-no wpr-sticky-section-no e-con e-child\" data-id=\"268ccc5\" data-element_type=\"container\">\n\t\t\t\t<div class=\"elementor-element elementor-element-f9e590a e-transform elementor-widget elementor-widget-image\" data-id=\"f9e590a\" data-element_type=\"widget\" data-settings=\"{&quot;_transform_scale_effect_hover&quot;:{&quot;unit&quot;:&quot;px&quot;,&quot;size&quot;:1.02,&quot;sizes&quot;:[]},&quot;_transform_scale_effect_hover_tablet&quot;:{&quot;unit&quot;:&quot;px&quot;,&quot;size&quot;:&quot;&quot;,&quot;sizes&quot;:[]},&quot;_transform_scale_effect_hover_mobile&quot;:{&quot;unit&quot;:&quot;px&quot;,&quot;size&quot;:&quot;&quot;,&quot;sizes&quot;:[]}}\" data-widget_type=\"image.default\">\n\t\t\t\t<div class=\"elementor-widget-container\">\n\t\t\t\t\t\t\t\t\t\t\t\t\t\t<a href=\"https:\/\/louka-png.com\/wp-content\/uploads\/2025\/04\/CV-Louka-PETITPAS-GAUTHIER.png\" data-elementor-open-lightbox=\"yes\" data-elementor-lightbox-title=\"CV Louka PETITPAS-GAUTHIER\" data-e-action-hash=\"#elementor-action%3Aaction%3Dlightbox%26settings%3DeyJpZCI6MzA3NiwidXJsIjoiaHR0cHM6XC9cL2xvdWthLXBuZy5jb21cL3dwLWNvbnRlbnRcL3VwbG9hZHNcLzIwMjVcLzA0XC9DVi1Mb3VrYS1QRVRJVFBBUy1HQVVUSElFUi5wbmcifQ%3D%3D\">\n\t\t\t\t\t\t\t<img fetchpriority=\"high\" decoding=\"async\" width=\"725\" height=\"1024\" src=\"https:\/\/louka-png.com\/wp-content\/uploads\/2025\/04\/CV-Louka-PETITPAS-GAUTHIER-725x1024.png\" class=\"attachment-large size-large wp-image-3076\" alt=\"\" srcset=\"https:\/\/louka-png.com\/wp-content\/uploads\/2025\/04\/CV-Louka-PETITPAS-GAUTHIER-725x1024.png 725w, https:\/\/louka-png.com\/wp-content\/uploads\/2025\/04\/CV-Louka-PETITPAS-GAUTHIER-212x300.png 212w, https:\/\/louka-png.com\/wp-content\/uploads\/2025\/04\/CV-Louka-PETITPAS-GAUTHIER-768x1085.png 768w, https:\/\/louka-png.com\/wp-content\/uploads\/2025\/04\/CV-Louka-PETITPAS-GAUTHIER-1087x1536.png 1087w, https:\/\/louka-png.com\/wp-content\/uploads\/2025\/04\/CV-Louka-PETITPAS-GAUTHIER.png 1241w\" sizes=\"(max-width: 725px) 100vw, 725px\" \/>\t\t\t\t\t\t\t\t<\/a>\n\t\t\t\t\t\t\t\t\t\t\t\t\t<\/div>\n\t\t\t\t<\/div>\n\t\t\t\t<div class=\"elementor-element elementor-element-5bd4723 elementor-shape-rounded elementor-grid-0 e-grid-align-center elementor-widget elementor-widget-social-icons\" data-id=\"5bd4723\" data-element_type=\"widget\" data-widget_type=\"social-icons.default\">\n\t\t\t\t<div class=\"elementor-widget-container\">\n\t\t\t\t\t<div class=\"elementor-social-icons-wrapper elementor-grid\">\n\t\t\t\t\t\t\t<span class=\"elementor-grid-item\">\n\t\t\t\t\t<a class=\"elementor-icon elementor-social-icon elementor-social-icon-instagram elementor-repeater-item-3208a64\" href=\"https:\/\/www.instagram.com\/loukapg\/\" target=\"_blank\">\n\t\t\t\t\t\t<span class=\"elementor-screen-only\">Instagram<\/span>\n\t\t\t\t\t\t<svg class=\"e-font-icon-svg e-fab-instagram\" viewBox=\"0 0 448 512\" xmlns=\"http:\/\/www.w3.org\/2000\/svg\"><path d=\"M224.1 141c-63.6 0-114.9 51.3-114.9 114.9s51.3 114.9 114.9 114.9S339 319.5 339 255.9 287.7 141 224.1 141zm0 189.6c-41.1 0-74.7-33.5-74.7-74.7s33.5-74.7 74.7-74.7 74.7 33.5 74.7 74.7-33.6 74.7-74.7 74.7zm146.4-194.3c0 14.9-12 26.8-26.8 26.8-14.9 0-26.8-12-26.8-26.8s12-26.8 26.8-26.8 26.8 12 26.8 26.8zm76.1 27.2c-1.7-35.9-9.9-67.7-36.2-93.9-26.2-26.2-58-34.4-93.9-36.2-37-2.1-147.9-2.1-184.9 0-35.8 1.7-67.6 9.9-93.9 36.1s-34.4 58-36.2 93.9c-2.1 37-2.1 147.9 0 184.9 1.7 35.9 9.9 67.7 36.2 93.9s58 34.4 93.9 36.2c37 2.1 147.9 2.1 184.9 0 35.9-1.7 67.7-9.9 93.9-36.2 26.2-26.2 34.4-58 36.2-93.9 2.1-37 2.1-147.8 0-184.8zM398.8 388c-7.8 19.6-22.9 34.7-42.6 42.6-29.5 11.7-99.5 9-132.1 9s-102.7 2.6-132.1-9c-19.6-7.8-34.7-22.9-42.6-42.6-11.7-29.5-9-99.5-9-132.1s-2.6-102.7 9-132.1c7.8-19.6 22.9-34.7 42.6-42.6 29.5-11.7 99.5-9 132.1-9s102.7-2.6 132.1 9c19.6 7.8 34.7 22.9 42.6 42.6 11.7 29.5 9 99.5 9 132.1s2.7 102.7-9 132.1z\"><\/path><\/svg>\t\t\t\t\t<\/a>\n\t\t\t\t<\/span>\n\t\t\t\t\t\t\t<span class=\"elementor-grid-item\">\n\t\t\t\t\t<a class=\"elementor-icon elementor-social-icon elementor-social-icon-camera elementor-repeater-item-733bc82\" href=\"https:\/\/www.instagram.com\/_look__a_?igsh=MWdnb2RlNmZqY3g1bw==\" target=\"_blank\">\n\t\t\t\t\t\t<span class=\"elementor-screen-only\">Camera<\/span>\n\t\t\t\t\t\t<svg class=\"e-font-icon-svg e-fas-camera\" viewBox=\"0 0 512 512\" xmlns=\"http:\/\/www.w3.org\/2000\/svg\"><path d=\"M512 144v288c0 26.5-21.5 48-48 48H48c-26.5 0-48-21.5-48-48V144c0-26.5 21.5-48 48-48h88l12.3-32.9c7-18.7 24.9-31.1 44.9-31.1h125.5c20 0 37.9 12.4 44.9 31.1L376 96h88c26.5 0 48 21.5 48 48zM376 288c0-66.2-53.8-120-120-120s-120 53.8-120 120 53.8 120 120 120 120-53.8 120-120zm-32 0c0 48.5-39.5 88-88 88s-88-39.5-88-88 39.5-88 88-88 88 39.5 88 88z\"><\/path><\/svg>\t\t\t\t\t<\/a>\n\t\t\t\t<\/span>\n\t\t\t\t\t\t\t<span class=\"elementor-grid-item\">\n\t\t\t\t\t<a class=\"elementor-icon elementor-social-icon elementor-social-icon-linkedin elementor-repeater-item-c393bf5\" href=\"http:\/\/www.linkedin.com\/in\/louka-petitpas-gauthier-05255a278\" target=\"_blank\">\n\t\t\t\t\t\t<span class=\"elementor-screen-only\">Linkedin<\/span>\n\t\t\t\t\t\t<svg class=\"e-font-icon-svg e-fab-linkedin\" viewBox=\"0 0 448 512\" xmlns=\"http:\/\/www.w3.org\/2000\/svg\"><path d=\"M416 32H31.9C14.3 32 0 46.5 0 64.3v383.4C0 465.5 14.3 480 31.9 480H416c17.6 0 32-14.5 32-32.3V64.3c0-17.8-14.4-32.3-32-32.3zM135.4 416H69V202.2h66.5V416zm-33.2-243c-21.3 0-38.5-17.3-38.5-38.5S80.9 96 102.2 96c21.2 0 38.5 17.3 38.5 38.5 0 21.3-17.2 38.5-38.5 38.5zm282.1 243h-66.4V312c0-24.8-.5-56.7-34.5-56.7-34.6 0-39.9 27-39.9 54.9V416h-66.4V202.2h63.7v29.2h.9c8.9-16.8 30.6-34.5 62.9-34.5 67.2 0 79.7 44.3 79.7 101.9V416z\"><\/path><\/svg>\t\t\t\t\t<\/a>\n\t\t\t\t<\/span>\n\t\t\t\t\t\t\t<span class=\"elementor-grid-item\">\n\t\t\t\t\t<a class=\"elementor-icon elementor-social-icon elementor-social-icon-envelope elementor-repeater-item-1daa474\" href=\"mailto:louka.petitpasgauthier@gmail.com\" target=\"_blank\">\n\t\t\t\t\t\t<span class=\"elementor-screen-only\">Envelope<\/span>\n\t\t\t\t\t\t<svg class=\"e-font-icon-svg e-fas-envelope\" viewBox=\"0 0 512 512\" xmlns=\"http:\/\/www.w3.org\/2000\/svg\"><path d=\"M502.3 190.8c3.9-3.1 9.7-.2 9.7 4.7V400c0 26.5-21.5 48-48 48H48c-26.5 0-48-21.5-48-48V195.6c0-5 5.7-7.8 9.7-4.7 22.4 17.4 52.1 39.5 154.1 113.6 21.1 15.4 56.7 47.8 92.2 47.6 35.7.3 72-32.8 92.3-47.6 102-74.1 131.6-96.3 154-113.7zM256 320c23.2.4 56.6-29.2 73.4-41.4 132.7-96.3 142.8-104.7 173.4-128.7 5.8-4.5 9.2-11.5 9.2-18.9v-19c0-26.5-21.5-48-48-48H48C21.5 64 0 85.5 0 112v19c0 7.4 3.4 14.3 9.2 18.9 30.6 23.9 40.7 32.4 173.4 128.7 16.8 12.2 50.2 41.8 73.4 41.4z\"><\/path><\/svg>\t\t\t\t\t<\/a>\n\t\t\t\t<\/span>\n\t\t\t\t\t<\/div>\n\t\t\t\t<\/div>\n\t\t\t\t<\/div>\n\t\t\t\t<\/div>\n\t\t\t\t<\/div>\n\t\t\t\t\t<\/div>\n\t\t\t\t<\/div>\n\t\t<div class=\"elementor-element elementor-element-8afb1f0 animated-fast e-flex e-con-boxed wpr-particle-no wpr-jarallax-no wpr-parallax-no wpr-sticky-section-no elementor-invisible e-con e-parent\" data-id=\"8afb1f0\" data-element_type=\"container\" data-settings=\"{&quot;animation&quot;:&quot;fadeInUp&quot;}\">\n\t\t\t\t\t<div class=\"e-con-inner\">\n\t\t<div class=\"elementor-element elementor-element-0bf5029 e-con-full e-flex wpr-particle-no wpr-jarallax-no wpr-parallax-no wpr-sticky-section-no e-con e-child\" data-id=\"0bf5029\" data-element_type=\"container\" data-settings=\"{&quot;background_background&quot;:&quot;classic&quot;}\">\n\t\t<div class=\"elementor-element elementor-element-cbc0de8 e-con-full e-flex wpr-particle-no wpr-jarallax-no wpr-parallax-no wpr-sticky-section-no e-con e-child\" data-id=\"cbc0de8\" data-element_type=\"container\">\n\t\t\t\t<div class=\"elementor-element elementor-element-9c179ce elementor-widget elementor-widget-text-editor\" data-id=\"9c179ce\" data-element_type=\"widget\" data-widget_type=\"text-editor.default\">\n\t\t\t\t<div class=\"elementor-widget-container\">\n\t\t\t\t\t\t\t<p>Bonjour, je m\u2019appelle Louka PETITPAS-GAUTHIER. Je suis actuellement en alternance en DNMADE en Design de message pluri m\u00e9dia et UX design \u00e0 Saint Jean Baptiste de La Salle \u00e0 Reims et dans le service communication de la Direction r\u00e9gionale Champagne-Ardenne d&rsquo;Enedis. J&rsquo;occupe le poste de graphiste en communication, principalement interne.<\/p><p>De nature <b>calme et pos\u00e9e<\/b>, je m&rsquo;adapte facilement et on dit de moi que je suis un un \u201c<b>fast learner<\/b>\u201d. <br \/>J\u2019ai, par exemple, appris \u00e0 me servir de mes logiciels de cr\u00e9ation principalement de fa\u00e7on autodidacte.\u00a0\u00c9galement <b>passionn\u00e9 de photographie<\/b>, je pratique ce loisir depuis 2022 en essayant constamment d\u2019\u00e9voluer, tout comme dans ma pratique du design que je poursuis sur mon temps libre, notamment, pour cr\u00e9er des posters, des visuels ou faire du motion design\u2026\u00a0Ma vision de la cr\u00e9ation r\u00e9side dans l\u2019<b>exp\u00e9rimentation<\/b>,\u00a0j&rsquo;aime faire diff\u00e9rents tests sur mes logiciels\u00a0dans la cr\u00e9ation de mes visuels.\u00a0Sur mon temps libre, je joue \u00e9galement aux jeux-vid\u00e9o, je regarde des films et des s\u00e9ries, tout en \u00e9tant attentif aux diff\u00e9rentes directions artistiques.<\/p><p>J\u2019ai commenc\u00e9 \u00e0 m\u2019int\u00e9resser au design lors de mon stage de troisi\u00e8me que j\u2019ai fait en agence de communication. J\u2019ai int\u00e9gr\u00e9 le lyc\u00e9e Marc Chagall \u00e0 Reims dans sa section \u201c<b>arts appliqu\u00e9s<\/b>\u201d pour pr\u00e9parer un Baccalaur\u00e9at STD2A (sciences et technologies du design et des arts appliqu\u00e9s). Interne, j&rsquo;\u00e9tais immerg\u00e9 au quotidien dans ma section, toutes ann\u00e9es confondues. Cela m\u2019a permis d\u2019\u00eatre plus \u00e0 l\u2019aise socialement et d\u2019\u00e9changer avec des personnes partageant les m\u00eames passions que moi. Ce fut une tr\u00e8s bonne exp\u00e9rience, intense mais tr\u00e8s formatrice.\u00a0<span style=\"font-style: inherit; font-weight: inherit; letter-spacing: -0.8px; text-align: var(--text-align);\">Ces ann\u00e9es m\u2019ont permis de savoir travailler sous pression et g\u00e9rer plusieurs dossiers en m\u00eame temps. J\u2019ai pu <strong>d\u00e9couvrir<\/strong> plusieurs facettes du <strong>design<\/strong>, son histoire, utiliser les logiciels de cr\u00e9ation, travailler ma capacit\u00e9 \u00e0 dessiner et <strong>cr\u00e9er<\/strong>.\u00a0<\/span><span style=\"font-style: inherit; font-weight: inherit; letter-spacing: -0.8px; text-align: var(--text-align);\">Suite \u00e0 cela, j&rsquo;ai d\u00e9cid\u00e9 de poursuivre mes \u00e9tudes dans le<strong> graphisme<\/strong>, attir\u00e9 par la vari\u00e9t\u00e9 des m\u00e9tiers et des techniques et les d\u00e9bouch\u00e9s vari\u00e9s.<\/span><\/p><p>Apr\u00e8s mon dipl\u00f4me, je souhaite faire un mast\u00e8re en alternance en <strong>direction artistique<\/strong> pour continuer \u00e0 \u00e9voluer et \u00eatre polyvalent dans mon futur m\u00e9tier. Dans un premier temps, je pourrai occuper un poste de graphiste polyvalent pour ensuite passer \u00e0 d&rsquo;autres fonctions plus sp\u00e9cialis\u00e9es, comme dans l\u2019\u00e9dition ou le motion design.\u00a0<span style=\"font-style: inherit; font-weight: inherit; letter-spacing: -0.8px; text-align: var(--text-align);\">J\u2019ouvre aussi mon champ des possibles sur la r\u00e9alisation et le montage de vid\u00e9os pour des entreprises ou dans le milieu de l&rsquo;audiovisuel.\u00a0<\/span><span style=\"font-style: inherit; font-weight: inherit; letter-spacing: -0.8px; text-align: var(--text-align);\">La photographie fait aussi partie de mes projets et me permettrait de proposer une offre compl\u00e9mentaire, ou pourquoi pas de me cr\u00e9er une activit\u00e9 parall\u00e8le.\u00a0<\/span><span style=\"font-style: inherit; font-weight: inherit; letter-spacing: -0.8px; text-align: var(--text-align);\">Je souhaite donc explorer toutes les facettes du m\u00e9tier de graphiste et l&rsquo;interdisciplinarit\u00e9 de ses missions et des m\u00e9tiers graphiques.<\/span><\/p><p><!-- notionvc: fb1ea1cc-f791-4439-b52f-852bbca7c769 --><\/p><p><strong>La cr\u00e9ativit\u00e9 fera partie de mon futur.<\/strong><\/p>\t\t\t\t\t\t<\/div>\n\t\t\t\t<\/div>\n\t\t\t\t<\/div>\n\t\t\t\t<\/div>\n\t\t\t\t\t<\/div>\n\t\t\t\t<\/div>\n\t\t\t\t<\/div>\n\t\t","protected":false},"excerpt":{"rendered":"<p>Instagram Camera Linkedin Envelope Bonjour, je m\u2019appelle Louka PETITPAS-GAUTHIER. Je suis actuellement en alternance en DNMADE en Design de message pluri m\u00e9dia et UX design \u00e0 Saint Jean Baptiste de La Salle \u00e0 Reims et dans le service communication de la Direction r\u00e9gionale Champagne-Ardenne d&rsquo;Enedis. J&rsquo;occupe le poste de graphiste en communication, principalement interne. De nature calme et pos\u00e9e, je m&rsquo;adapte facilement et on dit de moi que je suis un un \u201cfast learner\u201d. J\u2019ai, par exemple, appris \u00e0 me servir de mes logiciels de cr\u00e9ation principalement de fa\u00e7on autodidacte.\u00a0\u00c9galement passionn\u00e9 de photographie, je pratique ce loisir depuis 2022 en essayant constamment d\u2019\u00e9voluer, tout comme dans ma pratique du design que je poursuis sur mon temps libre, notamment, pour cr\u00e9er des posters, des visuels ou faire du motion design\u2026\u00a0Ma vision de la cr\u00e9ation r\u00e9side dans l\u2019exp\u00e9rimentation,\u00a0j&rsquo;aime faire diff\u00e9rents tests sur mes logiciels\u00a0dans la cr\u00e9ation de mes visuels.\u00a0Sur mon temps libre, je joue \u00e9galement aux jeux-vid\u00e9o, je regarde des films et des s\u00e9ries, tout en \u00e9tant attentif aux diff\u00e9rentes directions artistiques. J\u2019ai commenc\u00e9 \u00e0 m\u2019int\u00e9resser au design lors de mon stage de troisi\u00e8me que j\u2019ai fait en agence de communication. J\u2019ai int\u00e9gr\u00e9 le lyc\u00e9e Marc Chagall \u00e0 Reims dans sa section \u201carts appliqu\u00e9s\u201d pour pr\u00e9parer un Baccalaur\u00e9at STD2A (sciences et technologies du design et des arts appliqu\u00e9s). Interne, j&rsquo;\u00e9tais immerg\u00e9 au quotidien dans ma section, toutes ann\u00e9es confondues. Cela m\u2019a permis d\u2019\u00eatre plus \u00e0 l\u2019aise socialement et d\u2019\u00e9changer avec des personnes partageant les m\u00eames passions que moi. Ce fut une tr\u00e8s bonne exp\u00e9rience, intense mais tr\u00e8s formatrice.\u00a0Ces ann\u00e9es m\u2019ont permis de savoir travailler sous pression et g\u00e9rer plusieurs dossiers en m\u00eame temps. J\u2019ai pu d\u00e9couvrir plusieurs facettes du design, son histoire, utiliser les logiciels de cr\u00e9ation, travailler ma capacit\u00e9 \u00e0 dessiner et cr\u00e9er.\u00a0Suite \u00e0 cela, j&rsquo;ai d\u00e9cid\u00e9 de poursuivre mes \u00e9tudes dans le graphisme, attir\u00e9 par la vari\u00e9t\u00e9 des m\u00e9tiers et des techniques et les d\u00e9bouch\u00e9s vari\u00e9s. Apr\u00e8s mon dipl\u00f4me, je souhaite faire un mast\u00e8re en alternance en direction artistique pour continuer \u00e0 \u00e9voluer et \u00eatre polyvalent dans mon futur m\u00e9tier. Dans un premier temps, je pourrai occuper un poste de graphiste polyvalent pour ensuite passer \u00e0 d&rsquo;autres fonctions plus sp\u00e9cialis\u00e9es, comme dans l\u2019\u00e9dition ou le motion design.\u00a0J\u2019ouvre aussi mon champ des possibles sur la r\u00e9alisation et le montage de vid\u00e9os pour des entreprises ou dans le milieu de l&rsquo;audiovisuel.\u00a0La photographie fait aussi partie de mes projets et me permettrait de proposer une offre compl\u00e9mentaire, ou pourquoi pas de me cr\u00e9er une activit\u00e9 parall\u00e8le.\u00a0Je souhaite donc explorer toutes les facettes du m\u00e9tier de graphiste et l&rsquo;interdisciplinarit\u00e9 de ses missions et des m\u00e9tiers graphiques. La cr\u00e9ativit\u00e9 fera partie de mon futur.<\/p>\n","protected":false},"author":1,"featured_media":0,"parent":0,"menu_order":0,"comment_status":"closed","ping_status":"closed","template":"","meta":{"site-sidebar-layout":"no-sidebar","site-content-layout":"","ast-site-content-layout":"full-width-container","site-content-style":"default","site-sidebar-style":"default","ast-global-header-display":"","ast-banner-title-visibility":"","ast-main-header-display":"","ast-hfb-above-header-display":"","ast-hfb-below-header-display":"","ast-hfb-mobile-header-display":"","site-post-title":"disabled","ast-breadcrumbs-content":"","ast-featured-img":"disabled","footer-sml-layout":"","theme-transparent-header-meta":"","adv-header-id-meta":"","stick-header-meta":"","header-above-stick-meta":"","header-main-stick-meta":"","header-below-stick-meta":"","astra-migrate-meta-layouts":"default","ast-page-background-enabled":"default","ast-page-background-meta":{"desktop":{"background-color":"var(--ast-global-color-4)","background-image":"","background-repeat":"repeat","background-position":"center center","background-size":"auto","background-attachment":"scroll","background-type":"","background-media":"","overlay-type":"","overlay-color":"","overlay-opacity":"","overlay-gradient":""},"tablet":{"background-color":"","background-image":"","background-repeat":"repeat","background-position":"center center","background-size":"auto","background-attachment":"scroll","background-type":"","background-media":"","overlay-type":"","overlay-color":"","overlay-opacity":"","overlay-gradient":""},"mobile":{"background-color":"","background-image":"","background-repeat":"repeat","background-position":"center center","background-size":"auto","background-attachment":"scroll","background-type":"","background-media":"","overlay-type":"","overlay-color":"","overlay-opacity":"","overlay-gradient":""}},"ast-content-background-meta":{"desktop":{"background-color":"var(--ast-global-color-5)","background-image":"","background-repeat":"repeat","background-position":"center center","background-size":"auto","background-attachment":"scroll","background-type":"","background-media":"","overlay-type":"","overlay-color":"","overlay-opacity":"","overlay-gradient":""},"tablet":{"background-color":"var(--ast-global-color-5)","background-image":"","background-repeat":"repeat","background-position":"center center","background-size":"auto","background-attachment":"scroll","background-type":"","background-media":"","overlay-type":"","overlay-color":"","overlay-opacity":"","overlay-gradient":""},"mobile":{"background-color":"var(--ast-global-color-5)","background-image":"","background-repeat":"repeat","background-position":"center center","background-size":"auto","background-attachment":"scroll","background-type":"","background-media":"","overlay-type":"","overlay-color":"","overlay-opacity":"","overlay-gradient":""}},"footnotes":""},"class_list":["post-1347","page","type-page","status-publish","hentry"],"_links":{"self":[{"href":"https:\/\/louka-png.com\/index.php?rest_route=\/wp\/v2\/pages\/1347","targetHints":{"allow":["GET"]}}],"collection":[{"href":"https:\/\/louka-png.com\/index.php?rest_route=\/wp\/v2\/pages"}],"about":[{"href":"https:\/\/louka-png.com\/index.php?rest_route=\/wp\/v2\/types\/page"}],"author":[{"embeddable":true,"href":"https:\/\/louka-png.com\/index.php?rest_route=\/wp\/v2\/users\/1"}],"replies":[{"embeddable":true,"href":"https:\/\/louka-png.com\/index.php?rest_route=%2Fwp%2Fv2%2Fcomments&post=1347"}],"version-history":[{"count":131,"href":"https:\/\/louka-png.com\/index.php?rest_route=\/wp\/v2\/pages\/1347\/revisions"}],"predecessor-version":[{"id":3080,"href":"https:\/\/louka-png.com\/index.php?rest_route=\/wp\/v2\/pages\/1347\/revisions\/3080"}],"wp:attachment":[{"href":"https:\/\/louka-png.com\/index.php?rest_route=%2Fwp%2Fv2%2Fmedia&parent=1347"}],"curies":[{"name":"wp","href":"https:\/\/api.w.org\/{rel}","templated":true}]}}